e hundreds digit of 97656?
6
What is the hundreds digit of 2252?
2
What is the thousands digit of 2490?
2
What is the thousands digit of 1386?
1
What is the thousands digit of 7848?
7
What is the thousands digit of 1281?
1
What is the hundreds digit of 1880?
8
What is the units digit of 529?
9
What is the hundreds digit of 616?
6
What is the thousands digit of 5572?
5
What is the tens digit of 3285?
8
What is the units digit of 788?
8
What is the hundreds digit of 42529?
5
What is the thousands digit of 1539?
1
What is the tens digit of 36236?
3
What is the units digit of 1769?
9
What is the thousands digit of 26391?
6
What is the tens digit of 19023?
2
What is the units digit of 6873?
3
What is the tens digit of 90214?
1
What is the ten thousands digit of 34453?
3
What is the tens digit of 4851?
5
What is the thousands digit of 31035?
1
What is the units digit of 4636?
6
What is the thousands digit of 65829?
5
What is the thousands digit of 6199?
6
What is the thousands digit of 1505?
1
What is the units digit of 8136?
6
What is the tens digit of 997?
9
What is the tens digit of 777?
7
What is the thousands digit of 32858?
2
What is the tens digit of 2180?
8
What is the hundreds digit of 1129?
1
What is the thousands digit of 4113?
4
What is the hundreds digit of 1651?
6
What is the tens digit of 814?
1
What is the units digit of 2404?
4
What is the hundreds digit of 69554?
5
What is the hundreds digit of 64421?
4
What is the hundreds digit of 8556?
5
What is the tens digit of 677?
7
What is the hundreds digit of 1525?
5
What is the hundreds digit of 2018?
0
What is the ten thousands digit of 56189?
5
What is the hundreds digit of 28300?
3
What is the units digit of 377?
7
What is the units digit of 2687?
7
What is the hundreds digit of 4850?
8
What is the ten thousands digit of 39447?
3
What is the units digit of 94527?
7
What is the hundreds digit of 1640?
6
What is the units digit of 34914?
4
What is the units digit of 5226?
6
What is the thousands digit of 7464?
7
What is the hundreds digit of 5068?
0
What is the units digit of 892?
2
What is the hundreds digit of 15627?
6
What is the thousands digit of 2341?
2
What is the units digit of 35492?
2
What is the tens digit of 2627?
2
What is the thousands digit of 13399?
3
What is the thousands digit of 2588?
2
What is the units digit of 56241?
1
What is the units digit of 3871?
1
What is the hundreds digit of 1334?
3
What is the units digit of 2747?
7
What is the units digit of 1384?
4
What is the hundreds digit of 6153?
1
What is the tens digit of 812?
1
What is the units digit of 9731?
1
What is the tens digit of 3885?
8
What is the tens digit of 72326?
2
What is the tens digit of 2181?
8
What is the thousands digit of 1368?
1
What is the ten thousands digit of 35884?
3
What is the units digit of 1342?
2
What is the units digit of 375?
5
What is the thousands digit of 6962?
6
What is the hundreds digit of 1310?
3
What is the units digit of 2650?
0
What is the hundreds digit of 627?
6
What is the thousands digit of 33514?
3
What is the units digit of 1872?
2
What is the hundreds digit of 57261?
2
What is the hundreds digit of 140750?
7
What is the tens digit of 11485?
8
What is the units digit of 977?
7
What is the tens digit of 2038?
3
What is the ten thousands digit of 85168?
8
What is the units digit of 2739?
9
What is the thousands digit of 1282?
1
What is the tens digit of 27918?
1
What is the ten thousands digit of 65876?
6
What is the thousands digit of 32048?
2
What is the ten thousands digit of 46458?
4
What is the units digit of 5172?
2
What is the units digit of 83?
3
What is the hundreds digit of 17335?
3
What is the hundreds digit of 279?
2
What is the tens digit of 1019?
1
What is the units digit of 24572?
2
What is the tens digit of 92?
9
What is the tens digit of 87529?
2
What is the hundreds digit of 460?
4
What is the hundred thousands digit of 140149?
1
What is the units digit of 2370?
0
What is the tens digit of 71?
7
What is the units digit of 83691?
1
What is the tens digit of 1455?
5
What is the hundreds digit of 42325?
3
What is the tens digit of 843?
4
What is the tens digit of 36652?
5
What is the units digit of 108691?
1
What is the thousands digit of 5924?
5
What is the tens digit of 17888?
8
What is the tens digit of 583?
8
What is the thousands digit of 8883?
8
What is the tens digit of 732?
3
What is the units digit of 635?
5
What is the thousands digit of 16891?
6
What is the ten thousands digit of 55384?
5
What is the tens digit of 12726?
2
What is the units digit of 3274?
4
What is the thousands digit of 79211?
9
What is the ten thousands digit of 67612?
6
What is the hundreds digit of 20841?
8
What is the tens digit of 174160?
6
What is the hundreds digit of 353?
3
What is the thousands digit of 9932?
9
What is the ten thousands digit of 13051?
1
What is the hundreds digit of 7454?
4
What is the units digit of 77785?
5
What is the thousands digit of 1102?
1
What is the units digit of 8410?
0
What is the units digit of 38097?
7
What is the units digit of 2084?
4
What is the hundreds digit of 1008?
0
What is the thousands digit of 71605?
1
What is the tens digit of 5974?
7
What is the tens digit of 85306?
0
What is the units digit of 28042?
2
What is the hundreds digit of 46454?
4
What is the hundreds digit of 5589?
5
What is the hundreds digit of 16307?
3
What is the tens digit of 1208?
0
What is the hundreds digit of 56421?
4
What is the tens digit of 811?
1
What is the hundreds digit of 695?
6
What is the ten thousands digit of 17937?
1
What is the units digit of 14985?
5
What is the tens digit of 1532?
3
What is the tens digit of 10834?
3
What is the hundreds digit of 827?
8
What is the ten thousands digit of 43204?
4
What is the hundreds digit of 26737?
7
What is the units digit of 46065?
5
What is the units digit of 264?
4
What is the hundreds digit of 16876?
8
What is the thousands digit of 1837?
1
What is the thousands digit of 8516?
8
What is the hundreds digit of 814?
8
What is the units digit of 790?
0
What is the tens digit of 817?
1
What is the hundreds digit of 10577?
5
What is the hundreds digit of 23328?
3
What is the units digit of 17000?
0
What is the thousands digit of 6336?
6
What is the thousands digit of 5794?
5
What is the units digit of 1430?
0
What is the hundreds digit of 137278?
2
What is the hundreds digit of 9016?
0
What is the units digit of 1615?
5
What is the units digit of 7356?
6
What is the hundreds digit of 98893?
8
What is the units digit of 3100?
0
What is the hundreds digit of 6292?
2
What is the hundreds digit of 1337?
3
What is the tens digit of 73272?
7
What is the units digit of 3?
3
What is the hundreds digit of 28571?
5
What is the thousands digit of 1090?
1
What is the thousands digit of 4304?
4
What is the tens digit of 1508?
0
What is the units digit of 10284?
4
What is the tens digit of 27890?
9
What is the tens digit of 2900?
0
What is the hundreds digit of 360?
3
What is the thousands digit of 53085?
3
What is the thousands digit of 2549?
2
What is the units digit of 13748?
8
What is the ten thousands digit of 49713?
4
What is the thousands digit of 1203?
1
What is the hundreds digit of 1515?
5
What is the thousands digit of 1121?
1
What is the hundreds digit of 3320?
3
What is the tens digit of 1766?
6
What is the hundreds digit of 3590?
5
What is the units digit of 57899?
9
What is the thousands digit of 6704?
6
What is the hundreds digit of 1733?
7
What is the tens digit of 2321?
2
What is the hundreds digit of 43850?
8
What is the hundreds digit of 1840?
8
What is the hundreds digit of 9136?
1
What is the thousands digit of 3207?
3
What is the hundreds digit of 1791?
7
What is the tens digit of 3867?
6
What is the thousands digit of 11858?
1
What is the hundreds digit of 467?
4
What is the thousands digit of 3636?
3
What is the ten thousands digit of 27544?
2
What is the ten thousands digit of 37404?
3
What is the units digit of 58327?
7
What is the thousands digit of 3131?
3
What is the units digit of 47968?
8
What is the tens digit of 7998?
9
What is the ten thousands digit of 16387?
1
What is the units digit of 202?
2
What is the units digit of 697?
7
What is the hundreds digit of 127?
1
What is 